{"id":59,"date":"2021-05-12T22:45:30","date_gmt":"2021-05-12T20:45:30","guid":{"rendered":"http:\/\/vom-rabental.de\/Wordpress\/?page_id=59"},"modified":"2025-12-22T09:03:11","modified_gmt":"2025-12-22T08:03:11","slug":"wurfankuendigung-sommer-2021","status":"publish","type":"page","link":"http:\/\/vom-rabental.de\/Wordpress\/wurfankuendigung-sommer-2021\/","title":{"rendered":"Zucht\u00fcbersicht"},"content":{"rendered":"\n<p><strong>T-Wurf:<\/strong> Wurftag: 06.01.2024 (3 R\u00fcden und 3 H\u00fcndinnen)<\/p>\n\n\n\n<figure class=\"wp-block-image size-large\"><img decoding=\"async\" src=\"http:\/\/vom-rabental.de\/Wordpress\/wp-content\/uploads\/2023\/12\/7c6e854c-e371-40ac-9a19-6403308ae7df-1-1024x683.jpeg\" alt=\"\" class=\"wp-image-154\"\/><\/figure>\n\n\n\n<figure class=\"wp-block-image size-large\"><img loading=\"lazy\" decoding=\"async\" width=\"1024\" height=\"576\" src=\"http:\/\/vom-rabental.de\/Wordpress\/wp-content\/uploads\/2025\/12\/IMG_3716-1024x576.jpeg\" alt=\"\" class=\"wp-image-281\" srcset=\"http:\/\/vom-rabental.de\/Wordpress\/wp-content\/uploads\/2025\/12\/IMG_3716-1024x576.jpeg 1024w, http:\/\/vom-rabental.de\/Wordpress\/wp-content\/uploads\/2025\/12\/IMG_3716-300x169.jpeg 300w, http:\/\/vom-rabental.de\/Wordpress\/wp-content\/uploads\/2025\/12\/IMG_3716-768x432.jpeg 768w, http:\/\/vom-rabental.de\/Wordpress\/wp-content\/uploads\/2025\/12\/IMG_3716-1536x864.jpeg 1536w, http:\/\/vom-rabental.de\/Wordpress\/wp-content\/uploads\/2025\/12\/IMG_3716-2048x1152.jpeg 2048w\" sizes=\"auto, (max-width: 706px) 89vw, (max-width: 767px) 82vw, 740px\" \/><\/figure>\n\n\n\n<p><strong>S-Wurf:<\/strong> Wurftag: 04.06.2021 (3 R\u00fcden und 3 H\u00fcndinnen)<\/p>\n\n\n\n<p>Vater: Jenky von der Schiffslache<br>Mutter: Smartie vom Osterburg Quell<\/p>\n\n\n\n<figure class=\"wp-block-image size-large\"><img loading=\"lazy\" decoding=\"async\" width=\"1024\" height=\"541\" src=\"http:\/\/vom-rabental.de\/Wordpress\/wp-content\/uploads\/2025\/12\/IMG_5132-1024x541.jpeg\" alt=\"\" class=\"wp-image-282\" srcset=\"http:\/\/vom-rabental.de\/Wordpress\/wp-content\/uploads\/2025\/12\/IMG_5132-1024x541.jpeg 1024w, http:\/\/vom-rabental.de\/Wordpress\/wp-content\/uploads\/2025\/12\/IMG_5132-300x159.jpeg 300w, http:\/\/vom-rabental.de\/Wordpress\/wp-content\/uploads\/2025\/12\/IMG_5132-768x406.jpeg 768w, http:\/\/vom-rabental.de\/Wordpress\/wp-content\/uploads\/2025\/12\/IMG_5132-1536x812.jpeg 1536w, http:\/\/vom-rabental.de\/Wordpress\/wp-content\/uploads\/2025\/12\/IMG_5132-2048x1082.jpeg 2048w\" sizes=\"auto, (max-width: 706px) 89vw, (max-width: 767px) 82vw, 740px\" \/><\/figure>\n\n\n\n<p class=\"has-medium-font-size\"><strong>verschiedene Bilder von unseren Welpen:<\/strong><\/p>\n\n\n\n<figure class=\"wp-block-gallery has-nested-images columns-default is-cropped wp-block-gallery-1 is-layout-flex wp-block-gallery-is-layout-flex\">\n<figure class=\"wp-block-image size-large\"><img loading=\"lazy\" decoding=\"async\" width=\"733\" height=\"1024\" data-id=\"178\" src=\"http:\/\/vom-rabental.de\/Wordpress\/wp-content\/uploads\/2024\/02\/IMG_3038-733x1024.jpeg\" alt=\"\" class=\"wp-image-178\" srcset=\"http:\/\/vom-rabental.de\/Wordpress\/wp-content\/uploads\/2024\/02\/IMG_3038-733x1024.jpeg 733w, http:\/\/vom-rabental.de\/Wordpress\/wp-content\/uploads\/2024\/02\/IMG_3038-215x300.jpeg 215w, http:\/\/vom-rabental.de\/Wordpress\/wp-content\/uploads\/2024\/02\/IMG_3038-768x1073.jpeg 768w, http:\/\/vom-rabental.de\/Wordpress\/wp-content\/uploads\/2024\/02\/IMG_3038-1099x1536.jpeg 1099w, http:\/\/vom-rabental.de\/Wordpress\/wp-content\/uploads\/2024\/02\/IMG_3038-1465x2048.jpeg 1465w, http:\/\/vom-rabental.de\/Wordpress\/wp-content\/uploads\/2024\/02\/IMG_3038-scaled.jpeg 1832w\" sizes=\"auto, (max-width: 733px) 100vw, 733px\" \/><\/figure>\n\n\n\n<figure class=\"wp-block-image size-large\"><img loading=\"lazy\" decoding=\"async\" width=\"733\" height=\"1024\" data-id=\"177\" src=\"http:\/\/vom-rabental.de\/Wordpress\/wp-content\/uploads\/2024\/02\/IMG_3039-733x1024.jpeg\" alt=\"\" class=\"wp-image-177\" srcset=\"http:\/\/vom-rabental.de\/Wordpress\/wp-content\/uploads\/2024\/02\/IMG_3039-733x1024.jpeg 733w, http:\/\/vom-rabental.de\/Wordpress\/wp-content\/uploads\/2024\/02\/IMG_3039-215x300.jpeg 215w, http:\/\/vom-rabental.de\/Wordpress\/wp-content\/uploads\/2024\/02\/IMG_3039-768x1073.jpeg 768w, http:\/\/vom-rabental.de\/Wordpress\/wp-content\/uploads\/2024\/02\/IMG_3039-1099x1536.jpeg 1099w, http:\/\/vom-rabental.de\/Wordpress\/wp-content\/uploads\/2024\/02\/IMG_3039-1465x2048.jpeg 1465w, http:\/\/vom-rabental.de\/Wordpress\/wp-content\/uploads\/2024\/02\/IMG_3039-scaled.jpeg 1832w\" sizes=\"auto, (max-width: 733px) 100vw, 733px\" \/><\/figure>\n\n\n\n<figure class=\"wp-block-image size-large\"><img loading=\"lazy\" decoding=\"async\" width=\"733\" height=\"1024\" data-id=\"176\" src=\"http:\/\/vom-rabental.de\/Wordpress\/wp-content\/uploads\/2024\/02\/IMG_3037-733x1024.jpeg\" alt=\"\" class=\"wp-image-176\" srcset=\"http:\/\/vom-rabental.de\/Wordpress\/wp-content\/uploads\/2024\/02\/IMG_3037-733x1024.jpeg 733w, http:\/\/vom-rabental.de\/Wordpress\/wp-content\/uploads\/2024\/02\/IMG_3037-215x300.jpeg 215w, http:\/\/vom-rabental.de\/Wordpress\/wp-content\/uploads\/2024\/02\/IMG_3037-768x1073.jpeg 768w, http:\/\/vom-rabental.de\/Wordpress\/wp-content\/uploads\/2024\/02\/IMG_3037-1099x1536.jpeg 1099w, http:\/\/vom-rabental.de\/Wordpress\/wp-content\/uploads\/2024\/02\/IMG_3037-1465x2048.jpeg 1465w, http:\/\/vom-rabental.de\/Wordpress\/wp-content\/uploads\/2024\/02\/IMG_3037-scaled.jpeg 1832w\" sizes=\"auto, (max-width: 733px) 100vw, 733px\" \/><\/figure>\n\n\n\n<figure class=\"wp-block-image size-large\"><img loading=\"lazy\" decoding=\"async\" width=\"733\" height=\"1024\" data-id=\"175\" src=\"http:\/\/vom-rabental.de\/Wordpress\/wp-content\/uploads\/2024\/02\/IMG_3042-733x1024.jpeg\" alt=\"\" class=\"wp-image-175\" srcset=\"http:\/\/vom-rabental.de\/Wordpress\/wp-content\/uploads\/2024\/02\/IMG_3042-733x1024.jpeg 733w, http:\/\/vom-rabental.de\/Wordpress\/wp-content\/uploads\/2024\/02\/IMG_3042-215x300.jpeg 215w, http:\/\/vom-rabental.de\/Wordpress\/wp-content\/uploads\/2024\/02\/IMG_3042-768x1073.jpeg 768w, http:\/\/vom-rabental.de\/Wordpress\/wp-content\/uploads\/2024\/02\/IMG_3042-1099x1536.jpeg 1099w, http:\/\/vom-rabental.de\/Wordpress\/wp-content\/uploads\/2024\/02\/IMG_3042-1465x2048.jpeg 1465w, http:\/\/vom-rabental.de\/Wordpress\/wp-content\/uploads\/2024\/02\/IMG_3042-scaled.jpeg 1832w\" sizes=\"auto, (max-width: 733px) 100vw, 733px\" \/><\/figure>\n\n\n\n<figure class=\"wp-block-image size-large\"><img loading=\"lazy\" decoding=\"async\" width=\"733\" height=\"1024\" data-id=\"174\" src=\"http:\/\/vom-rabental.de\/Wordpress\/wp-content\/uploads\/2024\/02\/IMG_3040-733x1024.jpeg\" alt=\"\" class=\"wp-image-174\" srcset=\"http:\/\/vom-rabental.de\/Wordpress\/wp-content\/uploads\/2024\/02\/IMG_3040-733x1024.jpeg 733w, http:\/\/vom-rabental.de\/Wordpress\/wp-content\/uploads\/2024\/02\/IMG_3040-215x300.jpeg 215w, http:\/\/vom-rabental.de\/Wordpress\/wp-content\/uploads\/2024\/02\/IMG_3040-768x1073.jpeg 768w, http:\/\/vom-rabental.de\/Wordpress\/wp-content\/uploads\/2024\/02\/IMG_3040-1099x1536.jpeg 1099w, http:\/\/vom-rabental.de\/Wordpress\/wp-content\/uploads\/2024\/02\/IMG_3040-1465x2048.jpeg 1465w, http:\/\/vom-rabental.de\/Wordpress\/wp-content\/uploads\/2024\/02\/IMG_3040-scaled.jpeg 1832w\" sizes=\"auto, (max-width: 733px) 100vw, 733px\" \/><\/figure>\n\n\n\n<figure class=\"wp-block-image size-large\"><img loading=\"lazy\" decoding=\"async\" width=\"733\" height=\"1024\" data-id=\"179\" src=\"http:\/\/vom-rabental.de\/Wordpress\/wp-content\/uploads\/2024\/02\/IMG_3041-733x1024.jpeg\" alt=\"\" class=\"wp-image-179\" srcset=\"http:\/\/vom-rabental.de\/Wordpress\/wp-content\/uploads\/2024\/02\/IMG_3041-733x1024.jpeg 733w, http:\/\/vom-rabental.de\/Wordpress\/wp-content\/uploads\/2024\/02\/IMG_3041-215x300.jpeg 215w, http:\/\/vom-rabental.de\/Wordpress\/wp-content\/uploads\/2024\/02\/IMG_3041-768x1073.jpeg 768w, http:\/\/vom-rabental.de\/Wordpress\/wp-content\/uploads\/2024\/02\/IMG_3041-1099x1536.jpeg 1099w, http:\/\/vom-rabental.de\/Wordpress\/wp-content\/uploads\/2024\/02\/IMG_3041-1465x2048.jpeg 1465w, http:\/\/vom-rabental.de\/Wordpress\/wp-content\/uploads\/2024\/02\/IMG_3041-scaled.jpeg 1832w\" sizes=\"auto, (max-width: 733px) 100vw, 733px\" \/><\/figure>\n\n\n\n<figure class=\"wp-block-image size-large\"><img loading=\"lazy\" decoding=\"async\" width=\"1014\" height=\"1024\" data-id=\"171\" src=\"http:\/\/vom-rabental.de\/Wordpress\/wp-content\/uploads\/2024\/02\/IMG_2594-1014x1024.jpeg\" alt=\"\" class=\"wp-image-171\" srcset=\"http:\/\/vom-rabental.de\/Wordpress\/wp-content\/uploads\/2024\/02\/IMG_2594-1014x1024.jpeg 1014w, http:\/\/vom-rabental.de\/Wordpress\/wp-content\/uploads\/2024\/02\/IMG_2594-297x300.jpeg 297w, http:\/\/vom-rabental.de\/Wordpress\/wp-content\/uploads\/2024\/02\/IMG_2594-150x150.jpeg 150w, http:\/\/vom-rabental.de\/Wordpress\/wp-content\/uploads\/2024\/02\/IMG_2594-768x776.jpeg 768w, http:\/\/vom-rabental.de\/Wordpress\/wp-content\/uploads\/2024\/02\/IMG_2594-1520x1536.jpeg 1520w, http:\/\/vom-rabental.de\/Wordpress\/wp-content\/uploads\/2024\/02\/IMG_2594-100x100.jpeg 100w, http:\/\/vom-rabental.de\/Wordpress\/wp-content\/uploads\/2024\/02\/IMG_2594.jpeg 1764w\" sizes=\"auto, (max-width: 706px) 89vw, (max-width: 767px) 82vw, 740px\" \/><\/figure>\n\n\n\n<figure class=\"wp-block-image size-large\"><img loading=\"lazy\" decoding=\"async\" width=\"733\" height=\"1024\" data-id=\"164\" src=\"http:\/\/vom-rabental.de\/Wordpress\/wp-content\/uploads\/2024\/02\/IMG_2431-733x1024.jpg\" alt=\"\" class=\"wp-image-164\" srcset=\"http:\/\/vom-rabental.de\/Wordpress\/wp-content\/uploads\/2024\/02\/IMG_2431-733x1024.jpg 733w, http:\/\/vom-rabental.de\/Wordpress\/wp-content\/uploads\/2024\/02\/IMG_2431-215x300.jpg 215w, http:\/\/vom-rabental.de\/Wordpress\/wp-content\/uploads\/2024\/02\/IMG_2431-768x1073.jpg 768w, http:\/\/vom-rabental.de\/Wordpress\/wp-content\/uploads\/2024\/02\/IMG_2431-1099x1536.jpg 1099w, http:\/\/vom-rabental.de\/Wordpress\/wp-content\/uploads\/2024\/02\/IMG_2431.jpg 1288w\" sizes=\"auto, (max-width: 733px) 100vw, 733px\" \/><\/figure>\n\n\n\n<figure class=\"wp-block-image size-large\"><img loading=\"lazy\" decoding=\"async\" width=\"733\" height=\"1024\" data-id=\"165\" src=\"http:\/\/vom-rabental.de\/Wordpress\/wp-content\/uploads\/2024\/02\/IMG_2434-733x1024.jpg\" alt=\"\" class=\"wp-image-165\" srcset=\"http:\/\/vom-rabental.de\/Wordpress\/wp-content\/uploads\/2024\/02\/IMG_2434-733x1024.jpg 733w, http:\/\/vom-rabental.de\/Wordpress\/wp-content\/uploads\/2024\/02\/IMG_2434-215x300.jpg 215w, http:\/\/vom-rabental.de\/Wordpress\/wp-content\/uploads\/2024\/02\/IMG_2434-768x1073.jpg 768w, http:\/\/vom-rabental.de\/Wordpress\/wp-content\/uploads\/2024\/02\/IMG_2434-1099x1536.jpg 1099w, http:\/\/vom-rabental.de\/Wordpress\/wp-content\/uploads\/2024\/02\/IMG_2434.jpg 1288w\" sizes=\"auto, (max-width: 733px) 100vw, 733px\" \/><\/figure>\n\n\n\n<figure class=\"wp-block-image size-large\"><img loading=\"lazy\" decoding=\"async\" width=\"733\" height=\"1024\" data-id=\"166\" src=\"http:\/\/vom-rabental.de\/Wordpress\/wp-content\/uploads\/2024\/02\/IMG_2432-733x1024.jpg\" alt=\"\" class=\"wp-image-166\" srcset=\"http:\/\/vom-rabental.de\/Wordpress\/wp-content\/uploads\/2024\/02\/IMG_2432-733x1024.jpg 733w, http:\/\/vom-rabental.de\/Wordpress\/wp-content\/uploads\/2024\/02\/IMG_2432-215x300.jpg 215w, http:\/\/vom-rabental.de\/Wordpress\/wp-content\/uploads\/2024\/02\/IMG_2432-768x1073.jpg 768w, http:\/\/vom-rabental.de\/Wordpress\/wp-content\/uploads\/2024\/02\/IMG_2432-1099x1536.jpg 1099w, http:\/\/vom-rabental.de\/Wordpress\/wp-content\/uploads\/2024\/02\/IMG_2432.jpg 1288w\" sizes=\"auto, (max-width: 733px) 100vw, 733px\" \/><\/figure>\n\n\n\n<figure class=\"wp-block-image size-large\"><img loading=\"lazy\" decoding=\"async\" width=\"733\" height=\"1024\" data-id=\"167\" src=\"http:\/\/vom-rabental.de\/Wordpress\/wp-content\/uploads\/2024\/02\/IMG_2433-733x1024.jpg\" alt=\"\" class=\"wp-image-167\" srcset=\"http:\/\/vom-rabental.de\/Wordpress\/wp-content\/uploads\/2024\/02\/IMG_2433-733x1024.jpg 733w, http:\/\/vom-rabental.de\/Wordpress\/wp-content\/uploads\/2024\/02\/IMG_2433-215x300.jpg 215w, http:\/\/vom-rabental.de\/Wordpress\/wp-content\/uploads\/2024\/02\/IMG_2433-768x1073.jpg 768w, http:\/\/vom-rabental.de\/Wordpress\/wp-content\/uploads\/2024\/02\/IMG_2433-1099x1536.jpg 1099w, http:\/\/vom-rabental.de\/Wordpress\/wp-content\/uploads\/2024\/02\/IMG_2433.jpg 1288w\" sizes=\"auto, (max-width: 733px) 100vw, 733px\" \/><\/figure>\n\n\n\n<figure class=\"wp-block-image size-large\"><img loading=\"lazy\" decoding=\"async\" width=\"1024\" height=\"882\" data-id=\"169\" src=\"http:\/\/vom-rabental.de\/Wordpress\/wp-content\/uploads\/2024\/02\/IMG_2536-1024x882.jpeg\" alt=\"\" class=\"wp-image-169\" srcset=\"http:\/\/vom-rabental.de\/Wordpress\/wp-content\/uploads\/2024\/02\/IMG_2536-1024x882.jpeg 1024w, http:\/\/vom-rabental.de\/Wordpress\/wp-content\/uploads\/2024\/02\/IMG_2536-300x258.jpeg 300w, http:\/\/vom-rabental.de\/Wordpress\/wp-content\/uploads\/2024\/02\/IMG_2536-768x662.jpeg 768w, http:\/\/vom-rabental.de\/Wordpress\/wp-content\/uploads\/2024\/02\/IMG_2536-1536x1323.jpeg 1536w, http:\/\/vom-rabental.de\/Wordpress\/wp-content\/uploads\/2024\/02\/IMG_2536.jpeg 1908w\" sizes=\"auto, (max-width: 706px) 89vw, (max-width: 767px) 82vw, 740px\" \/><\/figure>\n\n\n\n<figure class=\"wp-block-image size-large\"><img loading=\"lazy\" decoding=\"async\" width=\"1024\" height=\"793\" data-id=\"170\" src=\"http:\/\/vom-rabental.de\/Wordpress\/wp-content\/uploads\/2024\/02\/IMG_2595-1024x793.jpeg\" alt=\"\" class=\"wp-image-170\" srcset=\"http:\/\/vom-rabental.de\/Wordpress\/wp-content\/uploads\/2024\/02\/IMG_2595-1024x793.jpeg 1024w, http:\/\/vom-rabental.de\/Wordpress\/wp-content\/uploads\/2024\/02\/IMG_2595-300x232.jpeg 300w, http:\/\/vom-rabental.de\/Wordpress\/wp-content\/uploads\/2024\/02\/IMG_2595-768x595.jpeg 768w, http:\/\/vom-rabental.de\/Wordpress\/wp-content\/uploads\/2024\/02\/IMG_2595-1536x1190.jpeg 1536w, http:\/\/vom-rabental.de\/Wordpress\/wp-content\/uploads\/2024\/02\/IMG_2595.jpeg 2014w\" sizes=\"auto, (max-width: 706px) 89vw, (max-width: 767px) 82vw, 740px\" \/><\/figure>\n\n\n\n<figure class=\"wp-block-image size-large\"><img loading=\"lazy\" decoding=\"async\" width=\"733\" height=\"1024\" data-id=\"163\" src=\"http:\/\/vom-rabental.de\/Wordpress\/wp-content\/uploads\/2024\/02\/IMG_2430-733x1024.jpg\" alt=\"\" class=\"wp-image-163\" srcset=\"http:\/\/vom-rabental.de\/Wordpress\/wp-content\/uploads\/2024\/02\/IMG_2430-733x1024.jpg 733w, http:\/\/vom-rabental.de\/Wordpress\/wp-content\/uploads\/2024\/02\/IMG_2430-215x300.jpg 215w, http:\/\/vom-rabental.de\/Wordpress\/wp-content\/uploads\/2024\/02\/IMG_2430-768x1073.jpg 768w, http:\/\/vom-rabental.de\/Wordpress\/wp-content\/uploads\/2024\/02\/IMG_2430-1099x1536.jpg 1099w, http:\/\/vom-rabental.de\/Wordpress\/wp-content\/uploads\/2024\/02\/IMG_2430.jpg 1288w\" sizes=\"auto, (max-width: 733px) 100vw, 733px\" \/><\/figure>\n\n\n\n<figure class=\"wp-block-image size-large\"><img loading=\"lazy\" decoding=\"async\" width=\"733\" height=\"1024\" data-id=\"162\" src=\"http:\/\/vom-rabental.de\/Wordpress\/wp-content\/uploads\/2024\/02\/IMG_2428-733x1024.jpg\" alt=\"\" class=\"wp-image-162\" srcset=\"http:\/\/vom-rabental.de\/Wordpress\/wp-content\/uploads\/2024\/02\/IMG_2428-733x1024.jpg 733w, http:\/\/vom-rabental.de\/Wordpress\/wp-content\/uploads\/2024\/02\/IMG_2428-215x300.jpg 215w, http:\/\/vom-rabental.de\/Wordpress\/wp-content\/uploads\/2024\/02\/IMG_2428-768x1073.jpg 768w, http:\/\/vom-rabental.de\/Wordpress\/wp-content\/uploads\/2024\/02\/IMG_2428-1099x1536.jpg 1099w, http:\/\/vom-rabental.de\/Wordpress\/wp-content\/uploads\/2024\/02\/IMG_2428.jpg 1288w\" sizes=\"auto, (max-width: 733px) 100vw, 733px\" \/><\/figure>\n\n\n\n<figure class=\"wp-block-image size-large\"><img loading=\"lazy\" decoding=\"async\" width=\"1024\" height=\"740\" data-id=\"113\" src=\"http:\/\/vom-rabental.de\/Wordpress\/wp-content\/uploads\/2021\/06\/Image-4-1024x740.jpeg\" alt=\"\" class=\"wp-image-113\" srcset=\"http:\/\/vom-rabental.de\/Wordpress\/wp-content\/uploads\/2021\/06\/Image-4-1024x740.jpeg 1024w, http:\/\/vom-rabental.de\/Wordpress\/wp-content\/uploads\/2021\/06\/Image-4-300x217.jpeg 300w, http:\/\/vom-rabental.de\/Wordpress\/wp-content\/uploads\/2021\/06\/Image-4-768x555.jpeg 768w, http:\/\/vom-rabental.de\/Wordpress\/wp-content\/uploads\/2021\/06\/Image-4-1536x1110.jpeg 1536w, http:\/\/vom-rabental.de\/Wordpress\/wp-content\/uploads\/2021\/06\/Image-4.jpeg 1600w\" sizes=\"auto, (max-width: 706px) 89vw, (max-width: 767px) 82vw, 740px\" \/><\/figure>\n\n\n\n<figure class=\"wp-block-image size-large\"><img loading=\"lazy\" decoding=\"async\" width=\"1024\" height=\"488\" data-id=\"112\" src=\"http:\/\/vom-rabental.de\/Wordpress\/wp-content\/uploads\/2021\/06\/Image-1-1024x488.jpeg\" alt=\"\" class=\"wp-image-112\" srcset=\"http:\/\/vom-rabental.de\/Wordpress\/wp-content\/uploads\/2021\/06\/Image-1-1024x488.jpeg 1024w, http:\/\/vom-rabental.de\/Wordpress\/wp-content\/uploads\/2021\/06\/Image-1-300x143.jpeg 300w, http:\/\/vom-rabental.de\/Wordpress\/wp-content\/uploads\/2021\/06\/Image-1-768x366.jpeg 768w, http:\/\/vom-rabental.de\/Wordpress\/wp-content\/uploads\/2021\/06\/Image-1-1536x732.jpeg 1536w, http:\/\/vom-rabental.de\/Wordpress\/wp-content\/uploads\/2021\/06\/Image-1.jpeg 1600w\" sizes=\"auto, (max-width: 706px) 89vw, (max-width: 767px) 82vw, 740px\" \/><\/figure>\n\n\n\n<figure class=\"wp-block-image size-large\"><img loading=\"lazy\" decoding=\"async\" width=\"768\" height=\"1024\" data-id=\"115\" src=\"http:\/\/vom-rabental.de\/Wordpress\/wp-content\/uploads\/2021\/06\/Image-8-768x1024.jpeg\" alt=\"\" class=\"wp-image-115\" srcset=\"http:\/\/vom-rabental.de\/Wordpress\/wp-content\/uploads\/2021\/06\/Image-8-768x1024.jpeg 768w, http:\/\/vom-rabental.de\/Wordpress\/wp-content\/uploads\/2021\/06\/Image-8-225x300.jpeg 225w, http:\/\/vom-rabental.de\/Wordpress\/wp-content\/uploads\/2021\/06\/Image-8-1152x1536.jpeg 1152w, http:\/\/vom-rabental.de\/Wordpress\/wp-content\/uploads\/2021\/06\/Image-8-1536x2048.jpeg 1536w, http:\/\/vom-rabental.de\/Wordpress\/wp-content\/uploads\/2021\/06\/Image-8-scaled.jpeg 1920w\" sizes=\"auto, (max-width: 706px) 89vw, (max-width: 767px) 82vw, 740px\" \/><\/figure>\n\n\n\n<figure class=\"wp-block-image size-large\"><img loading=\"lazy\" decoding=\"async\" width=\"576\" height=\"1024\" data-id=\"117\" src=\"http:\/\/vom-rabental.de\/Wordpress\/wp-content\/uploads\/2021\/06\/Image-6-576x1024.jpeg\" alt=\"\" class=\"wp-image-117\" srcset=\"http:\/\/vom-rabental.de\/Wordpress\/wp-content\/uploads\/2021\/06\/Image-6-576x1024.jpeg 576w, http:\/\/vom-rabental.de\/Wordpress\/wp-content\/uploads\/2021\/06\/Image-6-169x300.jpeg 169w, http:\/\/vom-rabental.de\/Wordpress\/wp-content\/uploads\/2021\/06\/Image-6-768x1365.jpeg 768w, http:\/\/vom-rabental.de\/Wordpress\/wp-content\/uploads\/2021\/06\/Image-6-864x1536.jpeg 864w, http:\/\/vom-rabental.de\/Wordpress\/wp-content\/uploads\/2021\/06\/Image-6-1152x2048.jpeg 1152w, http:\/\/vom-rabental.de\/Wordpress\/wp-content\/uploads\/2021\/06\/Image-6-scaled.jpeg 1440w\" sizes=\"auto, (max-width: 576px) 100vw, 576px\" \/><\/figure>\n\n\n\n<figure class=\"wp-block-image size-large\"><img loading=\"lazy\" decoding=\"async\" width=\"768\" height=\"1024\" data-id=\"119\" src=\"http:\/\/vom-rabental.de\/Wordpress\/wp-content\/uploads\/2021\/06\/Image-3-768x1024.jpeg\" alt=\"\" class=\"wp-image-119\" srcset=\"http:\/\/vom-rabental.de\/Wordpress\/wp-content\/uploads\/2021\/06\/Image-3-768x1024.jpeg 768w, http:\/\/vom-rabental.de\/Wordpress\/wp-content\/uploads\/2021\/06\/Image-3-225x300.jpeg 225w, http:\/\/vom-rabental.de\/Wordpress\/wp-content\/uploads\/2021\/06\/Image-3-1152x1536.jpeg 1152w, http:\/\/vom-rabental.de\/Wordpress\/wp-content\/uploads\/2021\/06\/Image-3.jpeg 1200w\" sizes=\"auto, (max-width: 706px) 89vw, (max-width: 767px) 82vw, 740px\" \/><\/figure>\n\n\n\n<figure class=\"wp-block-image size-large\"><img loading=\"lazy\" decoding=\"async\" width=\"968\" height=\"1024\" data-id=\"118\" src=\"http:\/\/vom-rabental.de\/Wordpress\/wp-content\/uploads\/2021\/06\/Image-5-968x1024.jpeg\" alt=\"\" class=\"wp-image-118\" srcset=\"http:\/\/vom-rabental.de\/Wordpress\/wp-content\/uploads\/2021\/06\/Image-5-968x1024.jpeg 968w, http:\/\/vom-rabental.de\/Wordpress\/wp-content\/uploads\/2021\/06\/Image-5-284x300.jpeg 284w, http:\/\/vom-rabental.de\/Wordpress\/wp-content\/uploads\/2021\/06\/Image-5-768x813.jpeg 768w, http:\/\/vom-rabental.de\/Wordpress\/wp-content\/uploads\/2021\/06\/Image-5-1452x1536.jpeg 1452w, http:\/\/vom-rabental.de\/Wordpress\/wp-content\/uploads\/2021\/06\/Image-5.jpeg 1512w\" sizes=\"auto, (max-width: 706px) 89vw, (max-width: 767px) 82vw, 740px\" \/><\/figure>\n\n\n\n<figure class=\"wp-block-image size-large\"><img loading=\"lazy\" decoding=\"async\" width=\"768\" height=\"1024\" data-id=\"124\" src=\"http:\/\/vom-rabental.de\/Wordpress\/wp-content\/uploads\/2021\/06\/Image-32-768x1024.jpeg\" alt=\"\" class=\"wp-image-124\" srcset=\"http:\/\/vom-rabental.de\/Wordpress\/wp-content\/uploads\/2021\/06\/Image-32-768x1024.jpeg 768w, http:\/\/vom-rabental.de\/Wordpress\/wp-content\/uploads\/2021\/06\/Image-32-225x300.jpeg 225w, http:\/\/vom-rabental.de\/Wordpress\/wp-content\/uploads\/2021\/06\/Image-32-1152x1536.jpeg 1152w, http:\/\/vom-rabental.de\/Wordpress\/wp-content\/uploads\/2021\/06\/Image-32-1536x2048.jpeg 1536w, http:\/\/vom-rabental.de\/Wordpress\/wp-content\/uploads\/2021\/06\/Image-32-scaled.jpeg 1920w\" sizes=\"auto, (max-width: 706px) 89vw, (max-width: 767px) 82vw, 740px\" \/><\/figure>\n\n\n\n<figure class=\"wp-block-image size-large\"><img loading=\"lazy\" decoding=\"async\" width=\"1024\" height=\"768\" data-id=\"125\" src=\"http:\/\/vom-rabental.de\/Wordpress\/wp-content\/uploads\/2021\/06\/Image-22-1024x768.jpeg\" alt=\"\" class=\"wp-image-125\" srcset=\"http:\/\/vom-rabental.de\/Wordpress\/wp-content\/uploads\/2021\/06\/Image-22-1024x768.jpeg 1024w, http:\/\/vom-rabental.de\/Wordpress\/wp-content\/uploads\/2021\/06\/Image-22-300x225.jpeg 300w, http:\/\/vom-rabental.de\/Wordpress\/wp-content\/uploads\/2021\/06\/Image-22-768x576.jpeg 768w, http:\/\/vom-rabental.de\/Wordpress\/wp-content\/uploads\/2021\/06\/Image-22-1536x1151.jpeg 1536w, http:\/\/vom-rabental.de\/Wordpress\/wp-content\/uploads\/2021\/06\/Image-22-2048x1535.jpeg 2048w\" sizes=\"auto, (max-width: 706px) 89vw, (max-width: 767px) 82vw, 740px\" \/><\/figure>\n\n\n\n<figure class=\"wp-block-image size-large\"><img decoding=\"async\" data-id=\"131\" src=\"http:\/\/vom-rabental.de\/Wordpress\/wp-content\/uploads\/2021\/07\/6E4815F3-E8EB-4F9E-A368-A9B408A952D9-1024x1024.jpeg\" alt=\"\" class=\"wp-image-131\"\/><\/figure>\n\n\n\n<figure class=\"wp-block-image size-large\"><img decoding=\"async\" data-id=\"130\" src=\"http:\/\/vom-rabental.de\/Wordpress\/wp-content\/uploads\/2021\/07\/F0B0DD88-A7EA-4730-8138-324027BDE1C3-1024x1024.jpeg\" alt=\"\" class=\"wp-image-130\"\/><\/figure>\n<\/figure>\n\n\n\n<p><\/p>\n","protected":false},"excerpt":{"rendered":"<p>T-Wurf: Wurftag: 06.01.2024 (3 R\u00fcden und 3 H\u00fcndinnen) S-Wurf: Wurftag: 04.06.2021 (3 R\u00fcden und 3 H\u00fcndinnen) Vater: Jenky von der SchiffslacheMutter: Smartie vom Osterburg Quell verschiedene Bilder von unseren Welpen:<\/p>\n","protected":false},"author":1,"featured_media":112,"parent":0,"menu_order":0,"comment_status":"closed","ping_status":"closed","template":"","meta":{"footnotes":""},"class_list":["post-59","page","type-page","status-publish","has-post-thumbnail","hentry"],"_links":{"self":[{"href":"http:\/\/vom-rabental.de\/Wordpress\/wp-json\/wp\/v2\/pages\/59","targetHints":{"allow":["GET"]}}],"collection":[{"href":"http:\/\/vom-rabental.de\/Wordpress\/wp-json\/wp\/v2\/pages"}],"about":[{"href":"http:\/\/vom-rabental.de\/Wordpress\/wp-json\/wp\/v2\/types\/page"}],"author":[{"embeddable":true,"href":"http:\/\/vom-rabental.de\/Wordpress\/wp-json\/wp\/v2\/users\/1"}],"replies":[{"embeddable":true,"href":"http:\/\/vom-rabental.de\/Wordpress\/wp-json\/wp\/v2\/comments?post=59"}],"version-history":[{"count":28,"href":"http:\/\/vom-rabental.de\/Wordpress\/wp-json\/wp\/v2\/pages\/59\/revisions"}],"predecessor-version":[{"id":283,"href":"http:\/\/vom-rabental.de\/Wordpress\/wp-json\/wp\/v2\/pages\/59\/revisions\/283"}],"wp:featuredmedia":[{"embeddable":true,"href":"http:\/\/vom-rabental.de\/Wordpress\/wp-json\/wp\/v2\/media\/112"}],"wp:attachment":[{"href":"http:\/\/vom-rabental.de\/Wordpress\/wp-json\/wp\/v2\/media?parent=59"}],"curies":[{"name":"wp","href":"https:\/\/api.w.org\/{rel}","templated":true}]}}