{"id":258,"date":"2025-12-22T08:32:58","date_gmt":"2025-12-22T07:32:58","guid":{"rendered":"http:\/\/vom-rabental.de\/Wordpress\/?page_id=258"},"modified":"2025-12-22T09:03:40","modified_gmt":"2025-12-22T08:03:40","slug":"unsere-huendinnen","status":"publish","type":"page","link":"http:\/\/vom-rabental.de\/Wordpress\/unsere-huendinnen\/","title":{"rendered":"Unsere H\u00fcndinnen"},"content":{"rendered":"\n<p><strong>Smartie vom Osterburg Quell<\/strong><\/p>\n\n\n\n<p>WT: 06.03.2018 <br>HD fast normal, ED normal, L\u00dcW 0, OCD frei<br>ZB: V<br>IGP 3 (LG-FCI 2023 &#8211; 96 in C), FH 1<\/p>\n\n\n\n<p>Smartie ist eine H\u00fcndin die sowohl im Sport als auch im Zusammenleben mit der Familie \u00fcberzeugt.<\/p>\n\n\n\n<p><a href=\"https:\/\/www.youtube.com\/watch?v=bMHM_oKv0NY\" target=\"_blank\" rel=\"noreferrer noopener\">Trainingsvideo &#8211; Smartie vom Osterburg Quell<\/a><\/p>\n\n\n\n<figure class=\"wp-block-gallery has-nested-images columns-default is-cropped wp-block-gallery-1 is-layout-flex wp-block-gallery-is-layout-flex\">\n<figure class=\"wp-block-image size-large\"><img loading=\"lazy\" decoding=\"async\" width=\"1024\" height=\"683\" data-id=\"265\" src=\"http:\/\/vom-rabental.de\/Wordpress\/wp-content\/uploads\/2025\/12\/IMG_1159-1024x683.jpeg\" alt=\"\" class=\"wp-image-265\" srcset=\"http:\/\/vom-rabental.de\/Wordpress\/wp-content\/uploads\/2025\/12\/IMG_1159-1024x683.jpeg 1024w, http:\/\/vom-rabental.de\/Wordpress\/wp-content\/uploads\/2025\/12\/IMG_1159-300x200.jpeg 300w, http:\/\/vom-rabental.de\/Wordpress\/wp-content\/uploads\/2025\/12\/IMG_1159-768x512.jpeg 768w, http:\/\/vom-rabental.de\/Wordpress\/wp-content\/uploads\/2025\/12\/IMG_1159-1536x1024.jpeg 1536w, http:\/\/vom-rabental.de\/Wordpress\/wp-content\/uploads\/2025\/12\/IMG_1159-2048x1365.jpeg 2048w\" sizes=\"auto, (max-width: 706px) 89vw, (max-width: 767px) 82vw, 740px\" \/><\/figure>\n\n\n\n<figure class=\"wp-block-image size-large\"><img loading=\"lazy\" decoding=\"async\" width=\"683\" height=\"1024\" data-id=\"266\" src=\"http:\/\/vom-rabental.de\/Wordpress\/wp-content\/uploads\/2025\/12\/IMG_1160-683x1024.jpeg\" alt=\"\" class=\"wp-image-266\" srcset=\"http:\/\/vom-rabental.de\/Wordpress\/wp-content\/uploads\/2025\/12\/IMG_1160-683x1024.jpeg 683w, http:\/\/vom-rabental.de\/Wordpress\/wp-content\/uploads\/2025\/12\/IMG_1160-200x300.jpeg 200w, http:\/\/vom-rabental.de\/Wordpress\/wp-content\/uploads\/2025\/12\/IMG_1160-768x1152.jpeg 768w, http:\/\/vom-rabental.de\/Wordpress\/wp-content\/uploads\/2025\/12\/IMG_1160-1024x1536.jpeg 1024w, http:\/\/vom-rabental.de\/Wordpress\/wp-content\/uploads\/2025\/12\/IMG_1160-1365x2048.jpeg 1365w, http:\/\/vom-rabental.de\/Wordpress\/wp-content\/uploads\/2025\/12\/IMG_1160.jpeg 1600w\" sizes=\"auto, (max-width: 683px) 100vw, 683px\" \/><\/figure>\n\n\n\n<figure class=\"wp-block-image size-large\"><img loading=\"lazy\" decoding=\"async\" width=\"768\" height=\"1024\" data-id=\"272\" src=\"http:\/\/vom-rabental.de\/Wordpress\/wp-content\/uploads\/2025\/12\/IMG_9897-768x1024.jpeg\" alt=\"\" class=\"wp-image-272\" srcset=\"http:\/\/vom-rabental.de\/Wordpress\/wp-content\/uploads\/2025\/12\/IMG_9897-768x1024.jpeg 768w, http:\/\/vom-rabental.de\/Wordpress\/wp-content\/uploads\/2025\/12\/IMG_9897-225x300.jpeg 225w, http:\/\/vom-rabental.de\/Wordpress\/wp-content\/uploads\/2025\/12\/IMG_9897-1152x1536.jpeg 1152w, http:\/\/vom-rabental.de\/Wordpress\/wp-content\/uploads\/2025\/12\/IMG_9897-1536x2048.jpeg 1536w, http:\/\/vom-rabental.de\/Wordpress\/wp-content\/uploads\/2025\/12\/IMG_9897-scaled.jpeg 1920w\" sizes=\"auto, (max-width: 706px) 89vw, (max-width: 767px) 82vw, 740px\" \/><\/figure>\n\n\n\n<figure class=\"wp-block-image size-large\"><img loading=\"lazy\" decoding=\"async\" width=\"1024\" height=\"683\" data-id=\"263\" src=\"http:\/\/vom-rabental.de\/Wordpress\/wp-content\/uploads\/2025\/12\/IMG_1155-1024x683.jpeg\" alt=\"\" class=\"wp-image-263\" srcset=\"http:\/\/vom-rabental.de\/Wordpress\/wp-content\/uploads\/2025\/12\/IMG_1155-1024x683.jpeg 1024w, http:\/\/vom-rabental.de\/Wordpress\/wp-content\/uploads\/2025\/12\/IMG_1155-300x200.jpeg 300w, http:\/\/vom-rabental.de\/Wordpress\/wp-content\/uploads\/2025\/12\/IMG_1155-768x512.jpeg 768w, http:\/\/vom-rabental.de\/Wordpress\/wp-content\/uploads\/2025\/12\/IMG_1155-1536x1024.jpeg 1536w, http:\/\/vom-rabental.de\/Wordpress\/wp-content\/uploads\/2025\/12\/IMG_1155-2048x1365.jpeg 2048w\" sizes=\"auto, (max-width: 706px) 89vw, (max-width: 767px) 82vw, 740px\" \/><\/figure>\n\n\n\n<figure class=\"wp-block-image size-large is-style-default\"><img loading=\"lazy\" decoding=\"async\" width=\"890\" height=\"1024\" data-id=\"262\" src=\"http:\/\/vom-rabental.de\/Wordpress\/wp-content\/uploads\/2025\/12\/IMG_7567-890x1024.jpeg\" alt=\"\" class=\"wp-image-262\" srcset=\"http:\/\/vom-rabental.de\/Wordpress\/wp-content\/uploads\/2025\/12\/IMG_7567-890x1024.jpeg 890w, http:\/\/vom-rabental.de\/Wordpress\/wp-content\/uploads\/2025\/12\/IMG_7567-261x300.jpeg 261w, http:\/\/vom-rabental.de\/Wordpress\/wp-content\/uploads\/2025\/12\/IMG_7567-768x884.jpeg 768w, http:\/\/vom-rabental.de\/Wordpress\/wp-content\/uploads\/2025\/12\/IMG_7567.jpeg 982w\" sizes=\"auto, (max-width: 706px) 89vw, (max-width: 767px) 82vw, 740px\" \/><\/figure>\n\n\n\n<figure class=\"wp-block-image size-large\"><img loading=\"lazy\" decoding=\"async\" width=\"683\" height=\"1024\" data-id=\"261\" src=\"http:\/\/vom-rabental.de\/Wordpress\/wp-content\/uploads\/2025\/12\/IMG_6685-683x1024.jpeg\" alt=\"\" class=\"wp-image-261\" srcset=\"http:\/\/vom-rabental.de\/Wordpress\/wp-content\/uploads\/2025\/12\/IMG_6685-683x1024.jpeg 683w, http:\/\/vom-rabental.de\/Wordpress\/wp-content\/uploads\/2025\/12\/IMG_6685-200x300.jpeg 200w, http:\/\/vom-rabental.de\/Wordpress\/wp-content\/uploads\/2025\/12\/IMG_6685-768x1151.jpeg 768w, http:\/\/vom-rabental.de\/Wordpress\/wp-content\/uploads\/2025\/12\/IMG_6685-1025x1536.jpeg 1025w, http:\/\/vom-rabental.de\/Wordpress\/wp-content\/uploads\/2025\/12\/IMG_6685-1366x2048.jpeg 1366w, http:\/\/vom-rabental.de\/Wordpress\/wp-content\/uploads\/2025\/12\/IMG_6685-scaled.jpeg 1708w\" sizes=\"auto, (max-width: 683px) 100vw, 683px\" \/><\/figure>\n<\/figure>\n\n\n\n<p><\/p>\n\n\n\n<p><strong>Tofffifee vom Rabental<\/strong><\/p>\n\n\n\n<p>WT: 06.01.2024<br>HD normal, ED normal, L\u00dcW 0, OCD frei<\/p>\n\n\n\n<p>IGP 1 <br><\/p>\n\n\n\n<figure class=\"wp-block-gallery has-nested-images columns-default is-cropped wp-block-gallery-2 is-layout-flex wp-block-gallery-is-layout-flex\">\n<figure class=\"wp-block-image size-large\"><img loading=\"lazy\" decoding=\"async\" width=\"663\" height=\"1024\" data-id=\"273\" src=\"http:\/\/vom-rabental.de\/Wordpress\/wp-content\/uploads\/2025\/12\/IMG_9495-663x1024.jpeg\" alt=\"\" class=\"wp-image-273\" srcset=\"http:\/\/vom-rabental.de\/Wordpress\/wp-content\/uploads\/2025\/12\/IMG_9495-663x1024.jpeg 663w, http:\/\/vom-rabental.de\/Wordpress\/wp-content\/uploads\/2025\/12\/IMG_9495-194x300.jpeg 194w, http:\/\/vom-rabental.de\/Wordpress\/wp-content\/uploads\/2025\/12\/IMG_9495-768x1186.jpeg 768w, http:\/\/vom-rabental.de\/Wordpress\/wp-content\/uploads\/2025\/12\/IMG_9495-995x1536.jpeg 995w, http:\/\/vom-rabental.de\/Wordpress\/wp-content\/uploads\/2025\/12\/IMG_9495-1326x2048.jpeg 1326w, http:\/\/vom-rabental.de\/Wordpress\/wp-content\/uploads\/2025\/12\/IMG_9495-scaled.jpeg 1658w\" sizes=\"auto, (max-width: 663px) 100vw, 663px\" \/><\/figure>\n\n\n\n<figure class=\"wp-block-image size-large\"><img loading=\"lazy\" decoding=\"async\" width=\"709\" height=\"1024\" data-id=\"271\" src=\"http:\/\/vom-rabental.de\/Wordpress\/wp-content\/uploads\/2025\/12\/IMG_2205-709x1024.jpeg\" alt=\"\" class=\"wp-image-271\" srcset=\"http:\/\/vom-rabental.de\/Wordpress\/wp-content\/uploads\/2025\/12\/IMG_2205-709x1024.jpeg 709w, http:\/\/vom-rabental.de\/Wordpress\/wp-content\/uploads\/2025\/12\/IMG_2205-208x300.jpeg 208w, http:\/\/vom-rabental.de\/Wordpress\/wp-content\/uploads\/2025\/12\/IMG_2205-768x1109.jpeg 768w, http:\/\/vom-rabental.de\/Wordpress\/wp-content\/uploads\/2025\/12\/IMG_2205-1064x1536.jpeg 1064w, http:\/\/vom-rabental.de\/Wordpress\/wp-content\/uploads\/2025\/12\/IMG_2205-1419x2048.jpeg 1419w, http:\/\/vom-rabental.de\/Wordpress\/wp-content\/uploads\/2025\/12\/IMG_2205-scaled.jpeg 1773w\" sizes=\"auto, (max-width: 709px) 100vw, 709px\" \/><\/figure>\n\n\n\n<figure class=\"wp-block-image size-large\"><img loading=\"lazy\" decoding=\"async\" width=\"1024\" height=\"768\" data-id=\"270\" src=\"http:\/\/vom-rabental.de\/Wordpress\/wp-content\/uploads\/2025\/12\/IMG_3443-1024x768.jpeg\" alt=\"\" class=\"wp-image-270\" srcset=\"http:\/\/vom-rabental.de\/Wordpress\/wp-content\/uploads\/2025\/12\/IMG_3443-1024x768.jpeg 1024w, http:\/\/vom-rabental.de\/Wordpress\/wp-content\/uploads\/2025\/12\/IMG_3443-300x225.jpeg 300w, http:\/\/vom-rabental.de\/Wordpress\/wp-content\/uploads\/2025\/12\/IMG_3443-768x576.jpeg 768w, http:\/\/vom-rabental.de\/Wordpress\/wp-content\/uploads\/2025\/12\/IMG_3443-1536x1152.jpeg 1536w, http:\/\/vom-rabental.de\/Wordpress\/wp-content\/uploads\/2025\/12\/IMG_3443-2048x1536.jpeg 2048w\" sizes=\"auto, (max-width: 706px) 89vw, (max-width: 767px) 82vw, 740px\" \/><\/figure>\n\n\n\n<figure class=\"wp-block-image size-large\"><img loading=\"lazy\" decoding=\"async\" width=\"2560\" height=\"1920\" data-id=\"268\" src=\"http:\/\/vom-rabental.de\/Wordpress\/wp-content\/uploads\/2025\/12\/IMG_6848-scaled.jpeg\" alt=\"\" class=\"wp-image-268\" srcset=\"http:\/\/vom-rabental.de\/Wordpress\/wp-content\/uploads\/2025\/12\/IMG_6848-scaled.jpeg 2560w, http:\/\/vom-rabental.de\/Wordpress\/wp-content\/uploads\/2025\/12\/IMG_6848-300x225.jpeg 300w\" sizes=\"auto, (max-width: 706px) 89vw, (max-width: 767px) 82vw, 740px\" \/><\/figure>\n\n\n\n<figure class=\"wp-block-image size-large\"><img loading=\"lazy\" decoding=\"async\" width=\"1024\" height=\"768\" data-id=\"269\" src=\"http:\/\/vom-rabental.de\/Wordpress\/wp-content\/uploads\/2025\/12\/IMG_4289-1024x768.jpeg\" alt=\"\" class=\"wp-image-269\" srcset=\"http:\/\/vom-rabental.de\/Wordpress\/wp-content\/uploads\/2025\/12\/IMG_4289-1024x768.jpeg 1024w, http:\/\/vom-rabental.de\/Wordpress\/wp-content\/uploads\/2025\/12\/IMG_4289-300x225.jpeg 300w, http:\/\/vom-rabental.de\/Wordpress\/wp-content\/uploads\/2025\/12\/IMG_4289-768x576.jpeg 768w, http:\/\/vom-rabental.de\/Wordpress\/wp-content\/uploads\/2025\/12\/IMG_4289-1536x1152.jpeg 1536w, http:\/\/vom-rabental.de\/Wordpress\/wp-content\/uploads\/2025\/12\/IMG_4289-2048x1536.jpeg 2048w\" sizes=\"auto, (max-width: 706px) 89vw, (max-width: 767px) 82vw, 740px\" \/><\/figure>\n\n\n\n<figure class=\"wp-block-image size-large\"><img loading=\"lazy\" decoding=\"async\" width=\"768\" height=\"1024\" data-id=\"267\" src=\"http:\/\/vom-rabental.de\/Wordpress\/wp-content\/uploads\/2025\/12\/IMG_7871-768x1024.jpeg\" alt=\"\" class=\"wp-image-267\" srcset=\"http:\/\/vom-rabental.de\/Wordpress\/wp-content\/uploads\/2025\/12\/IMG_7871-768x1024.jpeg 768w, http:\/\/vom-rabental.de\/Wordpress\/wp-content\/uploads\/2025\/12\/IMG_7871-225x300.jpeg 225w, http:\/\/vom-rabental.de\/Wordpress\/wp-content\/uploads\/2025\/12\/IMG_7871-1152x1536.jpeg 1152w, http:\/\/vom-rabental.de\/Wordpress\/wp-content\/uploads\/2025\/12\/IMG_7871-1536x2048.jpeg 1536w, http:\/\/vom-rabental.de\/Wordpress\/wp-content\/uploads\/2025\/12\/IMG_7871-scaled.jpeg 1920w\" sizes=\"auto, (max-width: 706px) 89vw, (max-width: 767px) 82vw, 740px\" \/><\/figure>\n<\/figure>\n","protected":false},"excerpt":{"rendered":"<p>Smartie vom Osterburg Quell WT: 06.03.2018 HD fast normal, ED normal, L\u00dcW 0, OCD freiZB: VIGP 3 (LG-FCI 2023 &#8211; 96 in C), FH 1 Smartie ist eine H\u00fcndin die sowohl im Sport als auch im Zusammenleben mit der Familie \u00fcberzeugt. Trainingsvideo &#8211; Smartie vom Osterburg Quell Tofffifee vom Rabental WT: 06.01.2024HD normal, ED normal, &hellip; <\/p>\n<p class=\"link-more\"><a href=\"http:\/\/vom-rabental.de\/Wordpress\/unsere-huendinnen\/\" class=\"more-link\"><span class=\"screen-reader-text\">\u201eUnsere H\u00fcndinnen\u201c <\/span>weiterlesen<\/a><\/p>\n","protected":false},"author":1,"featured_media":0,"parent":0,"menu_order":0,"comment_status":"closed","ping_status":"closed","template":"","meta":{"footnotes":""},"class_list":["post-258","page","type-page","status-publish","hentry"],"_links":{"self":[{"href":"http:\/\/vom-rabental.de\/Wordpress\/wp-json\/wp\/v2\/pages\/258","targetHints":{"allow":["GET"]}}],"collection":[{"href":"http:\/\/vom-rabental.de\/Wordpress\/wp-json\/wp\/v2\/pages"}],"about":[{"href":"http:\/\/vom-rabental.de\/Wordpress\/wp-json\/wp\/v2\/types\/page"}],"author":[{"embeddable":true,"href":"http:\/\/vom-rabental.de\/Wordpress\/wp-json\/wp\/v2\/users\/1"}],"replies":[{"embeddable":true,"href":"http:\/\/vom-rabental.de\/Wordpress\/wp-json\/wp\/v2\/comments?post=258"}],"version-history":[{"count":5,"href":"http:\/\/vom-rabental.de\/Wordpress\/wp-json\/wp\/v2\/pages\/258\/revisions"}],"predecessor-version":[{"id":284,"href":"http:\/\/vom-rabental.de\/Wordpress\/wp-json\/wp\/v2\/pages\/258\/revisions\/284"}],"wp:attachment":[{"href":"http:\/\/vom-rabental.de\/Wordpress\/wp-json\/wp\/v2\/media?parent=258"}],"curies":[{"name":"wp","href":"https:\/\/api.w.org\/{rel}","templated":true}]}}